actor of 51562 and 1001399?
203
Calculate the greatest common divisor of 4824 and 120466.
134
What is the greatest common divisor of 164079 and 15930?
1593
Calculate the highest common divisor of 7 and 6403061.
7
Calculate the highest common divisor of 57935892 and 714.
42
Calculate the greatest common factor of 27537 and 4323.
3
What is the highest common factor of 417912 and 8514?
66
Calculate the greatest common divisor of 47335 and 1685.
5
Calculate the highest common factor of 30885 and 596820.
435
What is the greatest common factor of 104 and 119903732?
52
Calculate the highest common factor of 3 and 36497.
1
What is the highest common factor of 1243306 and 2402866?
6442
Calculate the highest common factor of 666680 and 3395.
35
What is the highest common divisor of 135 and 4251699?
9
Calculate the greatest common divisor of 6 and 12243399.
3
What is the highest common divisor of 64220 and 950000?
380
Calculate the highest common divisor of 521345 and 1397.
11
What is the greatest common divisor of 335101 and 690168?
149
Calculate the highest common divisor of 313615968 and 384.
96
What is the greatest common divisor of 9966 and 2446502?
302
Calculate the highest common divisor of 127986 and 710862.
1542
What is the greatest common factor of 7944 and 1849824?
24
What is the highest common divisor of 1098777625 and 2750?
1375
Calculate the highest common divisor of 1162 and 3266963.
581
What is the greatest common factor of 15 and 63813585?
15
Calculate the highest common factor of 121151064 and 24.
24
What is the highest common divisor of 73691275 and 5?
5
Calculate the highest common divisor of 40 and 590840.
40
What is the highest common divisor of 20853588 and 630?
42
Calculate the greatest common factor of 4987 and 1485632287.
4987
What is the greatest common factor of 1732244 and 12?
4
Calculate the greatest common factor of 82627250 and 800.
50
Calculate the greatest common divisor of 1761180 and 113985.
2235
Calculate the highest common factor of 107976864 and 480.
96
What is the greatest common divisor of 1297848869 and 35493?
11831
What is the greatest common divisor of 22820 and 6676480?
3260
Calculate the greatest common factor of 1197616 and 81770.
1258
Calculate the greatest common divisor of 364 and 32017349.
91
Calculate the highest common factor of 15120 and 45867696.
336
What is the highest common factor of 26418 and 219589524?
1554
What is the greatest common factor of 405392 and 2704?
208
Calculate the highest common divisor of 736 and 17312.
32
What is the greatest common factor of 2787 and 122812871?
929
What is the greatest common divisor of 10 and 62728?
2
Calculate the greatest common factor of 838240 and 2640.
80
Calculate the highest common factor of 27 and 95245110.
9
What is the greatest common factor of 40 and 11949310?
10
Calculate the highest common divisor of 1989 and 130341159.
1989
Calculate the highest common divisor of 30998795 and 635.
635
Calculate the highest common divisor of 20825 and 404515.
85
Calculate the greatest common factor of 2501 and 533795933.
2501
What is the highest common factor of 152 and 342910328?
152
Calculate the greatest common divisor of 35074226 and 22.
22
What is the greatest common divisor of 3247 and 441019?
191
What is the highest common divisor of 9247855 and 515?
515
What is the highest common divisor of 4616 and 8607686?
1154
What is the highest common divisor of 11736 and 2602755?
9
What is the highest common divisor of 765140120 and 4450?
890
Calculate the highest common factor of 24980 and 70820.
20
Calculate the greatest common factor of 63 and 266988561.
21
Calculate the greatest common divisor of 6445632 and 29588.
2276
Calculate the highest common factor of 675 and 37692243.
27
What is the highest common divisor of 50108399 and 7960?
199
Calculate the highest common divisor of 23396271 and 141.
141
What is the highest common divisor of 121925 and 145050?
25
What is the greatest common factor of 6 and 565649598?
6
What is the highest common factor of 64328605 and 2585?
55
Calculate the highest common factor of 876 and 48826196.
292
What is the greatest common factor of 1209 and 4888299?
39
Calculate the greatest common divisor of 125703080 and 8760.
2920
Calculate the greatest common divisor of 130957701 and 1524.
381
Calculate the highest common divisor of 448938 and 1813.
49
What is the highest common divisor of 19350 and 1056725?
1075
What is the highest common factor of 39216 and 10404495?
2451
Calculate the highest common divisor of 72 and 84008072.
8
Calculate the greatest common divisor of 6 and 13607589.
3
What is the highest common divisor of 19971843 and 62031?
2139
Calculate the highest common factor of 2193 and 877693.
17
Calculate the greatest common divisor of 215031 and 58395.
687
Calculate the greatest common divisor of 19300604 and 13990.
2798
Calculate the highest common factor of 557375 and 18179.
343
Calculate the greatest common factor of 956 and 11584808.
956
Calculate the highest common factor of 1224007 and 3736.
467
Calculate the greatest common factor of 9319260 and 2446.
2446
What is the greatest common divisor of 8100 and 30160350?
4050
Calculate the highest common divisor of 307372 and 1909.
23
Calculate the highest common factor of 1577838813 and 7041.
7041
What is the greatest common divisor of 21223 and 362919?
19
Calculate the greatest common divisor of 467 and 3525383.
467
What is the greatest common divisor of 1290154932 and 594?
594
What is the highest common factor of 7473 and 5606301?
141
Calculate the highest common divisor of 38628376 and 92312.
8392
Calculate the greatest common factor of 1263 and 1698609963.
1263
Calculate the greatest common factor of 1227 and 257162022.
1227
What is the highest common factor of 615632456 and 26540?
5308
What is the highest common divisor of 1392 and 2952983?
29
What is the greatest common divisor of 1372690 and 33?
11
Calculate the highest common factor of 24038 and 3246544.
1414
What is the greatest common divisor of 6138 and 11574036?
558
Calculate the highest common factor of 339093 and 1111671.
513
What is the highest common divisor of 1170801 and 4260492?
2781
What is the greatest common factor of 41010 and 1395?
15
What is the greatest common factor of 271 and 51481057?
271
What is the greatest common factor of 80 and 128825?
5
What is the greatest common divisor of 1144512 and 574243?
1987
Calculate the highest common factor of 150876 and 4356.
396
What is the greatest common divisor of 103733 and 14239?
29
Calculate the highest common divisor of 158232594 and 897.
897
Calculate the highest common factor of 1360593930 and 807.
807
What is the greatest common factor of 1208683 and 15827?
833
Calculate the highest common factor of 1120202 and 363014.
1558
What is the greatest common factor of 561448 and 1944?
8
What is the highest common factor of 14586 and 2417519?
221
What is the greatest common divisor of 37148 and 1274076?
1004
What is the highest common divisor of 915301932 and 1644?
1644
What is the greatest common factor of 487772 and 2765692?
2476
Calculate the highest common factor of 8 and 348324488.
8
Calculate the highest common factor of 8447868 and 16146.
702
Calculate the highest common factor of 3005683 and 23267.
53
What is the greatest common factor of 612 and 23030712?
36
What is the greatest common factor of 2132 and 178038523?
533
Calculate the greatest common divisor of 166344 and 1614372.
348
Calculate the highest common divisor of 8877 and 53125617.
807
What is the highest common divisor of 8588307 and 1141?
1141
Calculate the greatest common factor of 17241 and 17997.
21
Calculate the greatest common divisor of 4873102 and 73554.
598
What is the highest common divisor of 1974708 and 1562940?
684
What is the greatest common divisor of 29176 and 344456?
56
Calculate the greatest common divisor of 255 and 743410.
85
What is the highest common factor of 4141924 and 1900?
76
Calculate the greatest common factor of 10792 and 931520.
568
What is the highest common divisor of 23412 and 5078?
2
What is the greatest common divisor of 12288164 and 280?
28
What is the greatest common factor of 169186680 and 74880?
4680
What is the greatest common factor of 2855789